0 = 2*c - 28, -3*a = 2*c - 63. Let o = 27 - c. Determine m(o).
1
Let r(s) = -6*s + 20. Let p(b) = -b + 4. Let y(u) = 14*p(u) - 3*r(u). Give y(3).
8
Let b(k) = -k**2 - 5*k + 3. Let t be (-3)/(23/(-5) - -4). Suppose 0 = a + 11 - t. Determine b(a).
-3
Let v(o) = -o**2 - 5*o - 3. Suppose 5*r - 5 = -5*g + 2*g, 3 = -4*g + 3*r. Let d be (-4)/12*g + -3. Determine v(d).
3
Let l(c) = 2*c**3 - 2*c**2 + 2*c. Suppose 3*w - 16 = 5*s, -5*w + 29*s + 12 = 28*s. Calculate l(w).
12
Let b(y) be the third derivative of -1/6*y**4 - 1/30*y**5 + 0*y - 5*y**2 + 0 + 1/6*y**3. Determine b(-3).
-5
Let o(p) be the second derivative of p**3/3 - 3*p**2 + 5*p + 2. Calculate o(6).
6
Let o = 4 + -1. Let x(v) = 5 - 2 + 2*v**2 - 1 - o*v**2. What is x(-4)?
-14
Let k(y) = 2*y**2 - 12*y - 9. Let x be k(7). Let i(q) be the third derivative of -q**5/60 + q**4/6 - 2*q**3/3 + 2*q**2. Give i(x).
-9
Let b(j) = -2*j - 5. Suppose 0 = 5*i + 10*i + 120. Calculate b(i).
11
Suppose -109 = -2*j + y + 2, -5*j - 5*y = -255. Let k(w) = 61 + j + w - 111. Determine k(-8).
-4
Let q = -667 - -672. Suppose -4*i + 28 = 3*m, 16 = -2*i + 5*i + m. Suppose -q*j = i*u, 3*j + 13 = u - 4. Let z(n) = -n**2 - 6*n - 6. Give z(j).
2
Let t = -124 - -118. Let z(f) = f - 1. Determine z(t).
-7
Let t = 69 + -64. Suppose 0 = t*c - 20, -w - 4*c + 12 = 0. Let h(l) be the first derivative of 2*l**2 + 6*l - 1. Calculate h(w).
-10
Suppose 4*y = -5*j + 2*y + 10, y = -j + 5. Suppose 4*n = 3*f + f, -5*f - 20 = j. Let s(w) = 2*w + 3. Determine s(n).
-5
Let h(t) = -t**2 + 4*t. Let f(r) = 27*r + 2. Let n be f(-1). Let v = -20 - n. Let g(b) = b**3 - 5*b**2 + 5. Let p be g(v). Determine h(p).
-5
Let p(d) = -d + 12. Let v(l) = 4*l**2 + 25*l - 1. Let n be v(-9). Let q = -89 + n. Calculate p(q).
3
Let x(d) = -25*d - 102. Let s be x(-10). Let r = s + -152. Let c(q) = -3*q**2 + 2 - q**3 + 3*q**2 - 4*q**2. Calculate c(r).
2
Let g(y) = -3*y - 2*y - 2*y + 8*y. Let k be g(3). Let z(q) = 2*q**2 - 16 + 16 - q - 8*q**k. What is z(1)?
-7
Let y be 5/5 - (-1)/(-1). Let q(j) be the first derivative of 1 - j + 5*j**2 + y - 10. Calculate q(-1).
-11
Let m be (18/15)/(6/15). Let s(j) = m*j + 4*j + j**2 + 2 + 3. Suppose 0 = -a - 7 + 2. Calculate s(a).
-5
Suppose -4*d - 4*s = -28, 0 = -d - 2*s + 9. Let v(n) = 7*n**2 + 3*n - 11. Let j(b) = 3*b**2 + 2*b - 5. Let c(f) = -9*j(f) + 4*v(f). What is c(d)?
-4
Let g(y) = y**2 - 4*y - 25. Let w(m) = -m + 4. Let t(a) = g(a) + 4*w(a). What is t(9)?
0
Let h(y) = y**2. Suppose 0 = -2*z + g + 10, -3*g = z + 4*z - 3. Let p = z + -7. Let u be (6/12)/((-1)/p). What is h(u)?
4
Let v(r) = -4*r**3 + 15*r**2 - 12*r + 11. Let m(b) = 9*b**3 - 31*b**2 + 24*b - 21. Let l(i) = 3*m(i) + 7*v(i). Let j be l(11). Let t(n) = -3*n + 4. Give t(j).
-5
Let d(m) = m**3 - 2*m**2 - 3*m - 2. Suppose -3*r + 4*r = 3. Let b be (-1)/(4/4)*r. Let a be -2 - 1 - 18/b. What is d(a)?
-2
Let c = -28 - -35. Let f = -2 - c. Let u(w) = -2*w - 12. What is u(f)?
6
Let w(a) = 52*a**2 - 95*a**2 - 3 + 0 + 3*a - a**3 + 48*a**2. Let b be w(5). Suppose 8*s = b*s - 20. Let k(c) = c**3 - 6*c**2 + 5*c - 5. Determine k(s).
-5
Let k(d) = 33573*d**2 + 0*d - 33577*d**2 + d**3 + 3*d + 4. Determine k(3).
4
Let n(s) = -54*s**2 - 220*s - 9. Let d be n(-4). Let q(h) = h**3 - 8*h**2 + 8*h + 8. What is q(d)?
15
Suppose 0 = 5*l - 36 + 11. Let t be 3/(-2) + l/10. Let n(q) = 18*q**2 - 2*q - 1. What is n(t)?
19
Suppose 58*b - 309 = -87*b + 42*b. Let m(i) = -4*i - 13. Let y(v) = -2*v - 7. Let p(l) = 3*m(l) - 5*y(l). Determine p(b).
-10
Let i(q) = 42*q + 4 + 3*q**2 + 34*q - 127*q + 48*q - 4*q**3 + 3*q**3. Let r = 0 + 3. Give i(r).
-5
Let i(x) = 3*x + 10. Let j(v) = 7*v - 1 + 10 + 12. Let q(l) = -5*i(l) + 2*j(l). Suppose 5*d = 12 + 8, 20 = 5*o + 5*d. Give q(o).
-8
Let i(m) = -4*m + 6. Let j(n) = -n + 4. Let q = 37 + -39. Let l be j(q). What is i(l)?
-18
Let r(n) be the second derivative of -n**4/12 + 7*n**3/6 - 5*n**2/2 + 75*n. Give r(6).
1
Let b(s) = 28 - 29 + s + 0*s. Let l(x) = -5*x - 4. Let p(q) = 4*b(q) + l(q). Determine p(-5).
-3
Suppose 6 = -5*b + 2*b. Let q = -1 - -3. Let g(j) = 0*j**2 + 0*j**2 + 8*j - 4*j + 2*j**q + 3. Determine g(b).
3
Suppose -180 = -14*o + 18*o. Let l = 40 + o. Let b(t) be the third derivative of t**5/60 + t**4/4 - t**3/6 + 3*t**2. Calculate b(l).
-6
Let a(r) = -2*r**3 + 3*r**2 + r + 1. Let j = 151 + -153. Give a(j).
27
Let o(h) = -4*h**2 - 2*h - 3. Let r(u) = u**2 - u - 1. Let a(n) = o(n) + 3*r(n). What is a(-6)?
-12
Let k(s) = 3*s**2 - s. Let t be k(1). Suppose -4*n = -n - 2*c - 15, 0 = -n - t*c - 3. Let o(i) = i + 2 + 0 + 0 + 0*i - 3*i**2 + i**3. Determine o(n).
5
Let k(d) = 9*d**2 + 11. Let x(y) = -5*y**2 - 6. Let r = -45 - -51. Let s(g) = r*k(g) + 11*x(g). Calculate s(-1).
-1
Let x(d) = -2*d - 4. Let r(m) = 2. Let b(n) = 2*r(n) + x(n). Determine b(1).
-2
Let h(y) = -y**3 - 4*y**2 + 5*y - 1. Let p be (-2)/(-5) + 219/15. Suppose 12*v - p = 15*v. Give h(v).
-1
Let m(x) = -x**3 + 4*x**2 + 2*x - 4. Let k be m(4). Let a be k/14 + 104/28. Let i(h) be the third derivative of -h**5/60 + h**4/24 - h**3/2 - 3*h**2. Give i(a).
-15
Let q be (0 - 0)*(-3)/(-6). Let u be 2/(-13) + (-287)/(-91). Let y(b) = -85*b**3 + 40*b**u - 1 + 46*b**3. What is y(q)?
-1
Let t be (2/6)/(5/(-90) - 0). Let s(u) = 3*u + 7. Give s(t).
-11
Suppose 3*l + 6 = -2*j + 4, j = l + 4. Let w(z) = 13 + z**2 + 5 - z - j + 7. Determine w(0).
23
Suppose 0 = -4*t + 8*t - 4. Let b be 16/6*t*3. Suppose 2*d - 4*v - 2 = d, -d - v = b. Let a(n) = n**2 + 5*n + 3. Give a(d).
9
Let u = -154 - -160. Let p(g) = g**3 - 6*g**2 + g + 6. What is p(u)?
12
Let u(y) = y**2 - 6*y - 3. Let d = 30 + -27. Suppose 9 = 3*p + d*f, 3*p + 5*f = -3 + 6. Determine u(p).
-3
Let l(z) = -z**2 + 8*z + 11. Let g(w) = w**2 - 28*w + 35. Let f be g(27). Calculate l(f).
11
Let n(z) = z**2 + 3*z - 1. Let s = 142 - 139. Calculate n(s).
17
Let j(m) be the first derivative of -m**3/3 - 5*m**2 - 22*m + 575. Give j(-8).
-6
Suppose 3*a = 76 - 58. Let i(f) = -f**3 + 4*f**2 + 11*f - 13. Give i(a).
-19
Let v(o) = o**3 + 6*o**2 + 5*o + 5. Suppose 8 = -0*q + 2*q. Let g be 2/q*(3 - 13). Let i be v(g). Let u(l) = l - 7. Determine u(i).
-2
Let x = 7141 + -7146. Let l(i) = 8*i - 11. Let y(r) = -3*r + 1 + r + r. Let o(t) = -l(t) - 6*y(t). Calculate o(x).
15
Let v(z) = -3 - 2*z**3 - 1 + 3*z**3 - 5*z - 4*z**2. Let d be (-12)/(-66) - 268/22. Let p = -7 - d. Calculate v(p).
-4
Let h(r) = 12*r. Let l(p) = 8*p. Let o(u) = 5*h(u) - 8*l(u). Suppose a = 4*a + 3*x - 9, 0 = a + 5*x + 13. Suppose -5*m - a = 3. Give o(m).
8
Let m(n) = -n - 2. Suppose 3*g = 36 + 6. Let j(b) = 29*b + 11. Let u(x) = 23*x + 12. Let v(o) = 4*j(o) - 5*u(o). Let c be v(g). What is m(c)?
0
Let o(j) = -4*j**3 + 15*j**2 - 3*j + 30. Let f be o(4). Let m(l) = 2*l**3 + 3*l - 1. Determine m(f).
21
Let f(l) = l**3 - 6*l**2 + 8*l - 12. Let n be f(5). Let h(c) = c**3 + 0 + n*c**2 + 4 + 0*c**2 + 5*c**2. Give h(-8).
4
Let d be (-480)/(-36) - (-1)/(-3). Let g = d + -16. Let x(q) = -q**3 - 2*q**2 + q + 1. Determine x(g).
7
Let h(d) be the second derivative of d**6/360 + d**5/30 + d**4/3 + 10*d. Let x(a) be the third derivative of h(a). Let b = 35 - 42. Calculate x(b).
-10
Let r(j) be the first derivative of -j**4 - 2*j**3/3 - j**2/2 - j - 66. What is r(-2)?
25
Let v(d) = 2*d + 6. Let q = 36 - 38. Give v(q).
2
Let n(d) be the second derivative of d**5/20 - d**4/6 - d**3/6 + d**2/2 - 561*d. Let v = -6 - -9. What is n(v)?
7
Let x(a) = -a - 3. Let n be x(-5). Suppose 5*l - 17 = -2. Let h(d) = l*d + 2*d + 89 - 90. Give h(n).
9
Let a(u) = 4*u + 1 - 3*u - 2 + 0*u. Suppose 2*z - 20 = 7*z. Determine a(z).
-5
Let o = 171 - 166. Let z(r) = -3*r - 5. Give z(o).
-20
Let y(q) = -4*q - 35. Let g be y(-11). Let u(c) = -c**2 + 14*c - 16. Let l(d) = d**2 - 13*d + 15. Let z(a) = 3*l(a) + 2*u(a). Give z(g).
-5
Let l(y) = -9*y - 3*y + 2*y. Let x = -65 + 65. Suppose -1 = o - x, o = s - 2. What is l(s)?
-10
Let z(t) = -2*t**2 + t + 2. Let k be z(0). Let i(h) = 5*h - 12 + 6 + 0*h**k + h**2. Calculate i(-5).
-6
Suppose -n - 4*l - 14 = 2*l, -n - 9 = 5*l. Let s(k) = 2*k + 2. Determine s(n).
34
Let x(f) = -3*f + 8. Let t(r) = -r + 10. Let w(k) = 2*t(k) - 3*x(k). What is w(-4)?
-32
Suppose 0 = 4*t, -3*o + 27 = 3*t + 2*t. Let f(v) = 4*v + 10. Determine f(o).
46
Let x(a) = -a**2 - a - 2. Let h(s) = s**2 - 7*s + 13. Let z be h(5)